at is the highest common factor of 81 and v?
9
Suppose 5*j - 4*g + 10 = 7*j, -5*j + 5*g = -10. Calculate the highest common factor of 69 and j.
3
Suppose 6*d - 2*d = -4*v + 16, 0 = 2*v + d - 9. Let x(t) = 3*t**2 - 15*t - 2. Let i be x(7). Calculate the greatest common divisor of v and i.
5
Let a(s) = 3*s**2 - 29*s - 100. Let k be a(18). What is the highest common divisor of k and 14?
14
Suppose 6*g = 400 + 260. Let n(i) be the first derivative of i**3/3 + 5*i**2/2 - 6*i + 2. Let v be n(5). Calculate the highest common divisor of v and g.
22
Let t = -25 + 29. Let n be t - 4 - -176 - -4. Suppose 80 = 3*p + p. Calculate the greatest common factor of n and p.
20
Let u(y) = 8*y + 61. Let q be u(-6). Let n(m) = -m**3 + m**2 + 104. Let h be n(0). Calculate the greatest common divisor of h and q.
13
Suppose -h + 1393 = 4*c, -5*h + 4*c - 6*c = -6983. What is the greatest common divisor of h and 11?
11
Suppose 43*o = 25*o + 1260. What is the greatest common factor of o and 910?
70
Let r = 51 + -7. Suppose 0 = 2*u - 2*y - 2 - 82, 0 = u - 3*y - 38. Calculate the highest common divisor of r and u.
44
Let a = 353 - 176. What is the highest common factor of a and 1003?
59
Suppose 14*v + 3*q + 1385 = 18*v, -4*v + 2*q = -1390. What is the highest common factor of 210 and v?
70
Let g(z) = -z**2 + 4*z + 16. Let w be g(6). Suppose -2*v = w*x - 88, 24 = x - 0*v + v. What is the greatest common divisor of x and 220?
20
Suppose -w + 4*w + 113 = -2*z, -w = -5*z + 49. Let g = -32 - w. Suppose 0 = -g*x + 77 + 70. What is the greatest common divisor of x and 21?
21
Let x = 1282 - 1270. Calculate the greatest common divisor of x and 276.
12
Let i = -31 - -39. Let m(f) = -f**2 + 11*f - 6. Let p be m(i). Suppose -3*j - p = -6*j. What is the greatest common divisor of j and 6?
6
Let c(q) = -10*q - 28. Let g(a) = -8*a - 72 + a + 53. Let f(b) = -5*c(b) + 7*g(b). Let v be f(7). Calculate the highest common divisor of v and 2.
2
Suppose -7*m = 5*c - 2*m, -4*m = c + 6. Suppose -45 = -c*v + 19. What is the highest common factor of 80 and v?
16
Let h(m) = -m**3 - 12*m**2 + 21*m - 2. Let q be h(-14). Let j = 136 - q. What is the highest common factor of 8 and j?
8
Let j(i) = -i**2 - 7*i + 7. Let o be j(-7). Let a(q) = -q**3 + 3*q**2 - 2*q + 3. Let m be a(-3). What is the greatest common factor of o and m?
7
Let s be 18 - 6/(-6) - 7. Calculate the highest common factor of 9 and s.
3
Let r(h) = -23*h - 2. Let p be r(-2). Let c(k) = -11*k + 11. Let j be c(0). Calculate the greatest common divisor of j and p.
11
Suppose 3*m + 3*j - 6*j = 87, -4*m - 2*j + 122 = 0. Calculate the greatest common factor of 6 and m.
6
Let z be (1/3)/((-2)/(-138)). Suppose 141 + 595 = -8*v. Let w be (-4 + 1)/(((-12)/v)/(-1)). What is the highest common divisor of w and z?
23
Let y = 307 + -242. What is the highest common factor of 5 and y?
5
Suppose -21*h + 23*h - 714 = 0. Calculate the highest common factor of 21 and h.
21
Let c(p) be the third derivative of 199*p**5/60 + p**4/12 + p**3/6 - 39*p**2. Let f be c(-1). Calculate the greatest common factor of 18 and f.
18
Let j = 1552 - 1486. Calculate the highest common factor of 99 and j.
33
Let z(c) = c**3 - 4*c**2 + 4*c - 1. Let q = -53 + 77. Let t = q + -20. Let b be z(t). What is the highest common divisor of 45 and b?
15
Let z = 21 + -15. Let r = 13 + -10. Let u = z - r. Calculate the highest common factor of 27 and u.
3
Suppose 3*s = 0, 2*s = 5*u + 5*s - 20. Suppose 5*w + 4*n = 2*n + 46, 3*n + 56 = 5*w. Calculate the greatest common divisor of u and w.
2
Let m be (20/(-5) + -4)/(-1). Calculate the highest common factor of 20 and m.
4
Suppose -35*i = -39*i + 620. Calculate the highest common factor of 186 and i.
31
Let n = 11 - 20. Let t = 10 + n. Let x be 4 + 24 + (1 - t). Calculate the greatest common factor of x and 4.
4
Suppose -4*y = -3*y - 22. Suppose -4*d + 4*z = z - 16, -y = -2*d + 5*z. Let u be d - -14 - (-2 - -3). Calculate the highest common divisor of 2 and u.
2
Let k = 1303 + -1296. What is the highest common divisor of k and 448?
7
Suppose 0 = 5*y - z - 950, 8*y - 5*y - 570 = 2*z. Let o(f) = 10*f - 2. Let l be o(4). What is the highest common divisor of l and y?
38
Let u = 3 - 2. Suppose 3*v - 5 = 7. Let y be -1 - 16/v - -6. Calculate the highest common factor of y and u.
1
Let k(g) = -3*g + 54. Suppose -71 + 116 = 3*h. Let s be k(h). Calculate the highest common divisor of s and 72.
9
Let h be (-3 - 0) + 3 + -1. Let m(g) be the first derivative of 11*g**3/3 - g**2/2 - 2*g - 10. Let l be m(h). What is the greatest common factor of 40 and l?
10
Let l(p) = -64*p + 24. Let w be l(-4). Suppose -5*d - 3*d = -w. Calculate the greatest common factor of 14 and d.
7
Let o(n) = -2*n**3 + 4*n + 259. Let s be o(0). What is the highest common factor of 14 and s?
7
Suppose 3*o = -5*m + 119, m - 6*m + 20 = 0. Suppose -o = 15*s - 18*s. What is the highest common factor of s and 11?
11
Let b(r) = -r**2 + r - 2. Let t be b(2). Let i be 9/t*(-160)/12. What is the greatest common divisor of i and 6?
6
Suppose 3*d + 3 = -2*i, 7 = 2*d + 4*i + 1. Let h be (-10)/(d - 166/(-56)). Calculate the greatest common factor of h and 40.
40
Suppose 0 = 9*k + 22*k - 8463. What is the greatest common divisor of k and 147?
21
Let u be 14 - (-2*1)/1. Let a be -4 + (-1448)/(-2) + 4. Suppose -3*d + d - i + 286 = 0, 5*d = 2*i + a. What is the greatest common factor of u and d?
16
Let p = 1 - 13. Let t be -3 - (-1 - p)*-3. Suppose o = 4*o - t. Calculate the greatest common divisor of o and 2.
2
Suppose -m + 2*t = -7, -5*t + 32 = -0*m + 3*m. Let f = -4 + 7. Suppose f*v + 4*b - 19 = 0, v + 0*b = 4*b + 17. What is the greatest common factor of v and m?
9
Suppose 45 - 41 = 2*b. Let d = -18 - -20. Calculate the greatest common factor of b and d.
2
Let s(w) = -w**2 - 3*w + 32. Let p(y) = -y**2 + 13*y + 24. Let d be p(15). Let z be s(d). Calculate the highest common factor of 63 and z.
7
Let q be 8 - (96/10)/(36/(-4800)). Calculate the highest common divisor of q and 56.
56
Let p(i) = 12*i - 4. Let l be p(3). Let b be 2 + -28 - 8/(-4). Let h = 32 + b. Calculate the greatest common factor of l and h.
8
Suppose 2*f - 4*l = 110, -2*f = f + 4*l - 135. Let c = f + -5. What is the highest common factor of c and 4?
4
Let b(j) = -2*j**3 + 3*j**2 + 2*j. Let v be b(-2). Let d = 25 - v. Suppose -3*i + 19 - d = 0. What is the highest common factor of i and 30?
6
Suppose 0 = i - 0*i - 115. Let j(t) = 3*t + 30. Let c be j(-10). Suppose c = 8*a - 87 - 97. Calculate the highest common factor of i and a.
23
Let o be (-134)/6 - ((-2)/6)/1. Let u = -13 - o. What is the greatest common divisor of 1 and u?
1
Let q = -412 + 430. What is the greatest common divisor of q and 162?
18
Let m = 66 + -84. Let v = 45 + m. What is the greatest common factor of v and 297?
27
Suppose 5*l - 34 = 3*k + 6, -3*k - 20 = -l. Let h(c) = c**3 - 6*c**2 - 3*c + 2. Let q be h(l). Let a = q + 60. What is the highest common factor of a and 66?
22
Let s be 7*(4 + 2/(-1)). Suppose -s*w + 19*w = 560. Calculate the greatest common factor of w and 14.
14
Let q be (-7)/(((-24)/(-80))/(-3)). Suppose 33 = 3*s + 3. Calculate the highest common factor of s and q.
10
Let n = 45 + 11. Let f be 1/(-4) + 5558/n. Let a = 11 + 0. Calculate the greatest common factor of a and f.
11
Let k = 18 + -29. Let x(h) = h**3 + 11*h**2 + 16. Let m be x(k). Calculate the highest common divisor of m and 80.
16
Let h = 109 - -45. What is the highest common factor of 22 and h?
22
Suppose -5*f + 621 = 4*l, -704 - 67 = -5*l - f. Suppose 4*k + 2*s - 4*s - l = 0, 5*s = 3*k - 105. Calculate the highest common factor of 5 and k.
5
Let f = 179 + -104. Let k be -150*(-10)/f*3. What is the greatest common divisor of 12 and k?
12
Let f be ((-81)/18)/(3/(-14)). What is the highest common divisor of f and 27?
3
Let f(v) = v**2 + 9*v - 6. Let g be f(-12). Let d = 144 - 138. Calculate the highest common factor of g and d.
6
Let m(n) = -n**3 - n**2 + 2. Let p be m(-2). Let k be 5 + -2 - (p + -17). Let l be ((-154)/5)/(1/(-5)). Calculate the greatest common divisor of l and k.
14
Let v(j) = -j**3 + 17*j**2 + 17*j + 21. Let d be v(18). Calculate the greatest common factor of d and 159.
3
Suppose 37 + 95 = 3*w. Suppose 10*a + w = 12*a. Calculate the greatest common factor of a a